 - 3)?
7
Let a(p) = -7*p**2 - 4 + 1 + p - 1 + 1 + p**3. Let w be a(7). Suppose -7 + 55 = w*u. What is the remainder when 21 is divided by u?
9
Let f = -25 - -56. Calculate the remainder when 121 is divided by f.
28
Let j be -1*1 - 123/(-1). Let v = -72 + j. Calculate the remainder when v is divided by 17.
16
Suppose -5*q = -0*q - 765. Suppose 5*g = 12 + q. Calculate the remainder when 130 is divided by g.
31
Let p(w) = -2*w + 2. Suppose 1 = 2*r + 7. Let g(f) = f**2 + 3*f + 1. Calculate the remainder when p(r) is divided by g(-4).
3
Let k(s) = s**2 - 6*s - 5. Suppose -g - 32 = -3*j, -j - 8 = 4*g + 3. Calculate the remainder when k(-4) is divided by j.
8
Let t(w) = w**2 + 3*w - 1. Let g be 0 - 1*-2*2. Let k(a) = 3*a**2 + 9*a - 2. Let f(j) = g*k(j) - 11*t(j). What is the remainder when 24 is divided by f(-5)?
11
Let w(j) = j**2 + 13*j - 3. What is the remainder when w(-15) is divided by 10?
7
Suppose 3*h - 764 = 4*u, -2*h = 2*h + u - 1025. Calculate the remainder when h/10 + (-4)/(-10) is divided by 14.
12
Suppose 3*a + 0*a - 6 = 0. Suppose -5*x = -2*l - 98, -a*x - l + 14 + 18 = 0. Suppose -3*p = -0*p - x. Calculate the remainder when 16 is divided by p.
4
Let w(g) = -8*g + 6. What is the remainder when 119 is divided by w(-3)?
29
Suppose -8*c + 25 - 9 = 0. Calculate the remainder when 11 is divided by c.
1
Suppose -5 = -5*n + 5*s, 4*n - s - s = 10. Let c(t) = -t + 22. Calculate the remainder when c(13) is divided by n.
1
Suppose 5*a = -5*o - 3 - 7, -5*o - 18 = a. Suppose -5*i + a*u + 89 = -1, -i + 2*u + 10 = 0. What is the remainder when 59 is divided by i?
19
Calculate the remainder when 690/80 - (-6)/16 is divided by 74/14 - 6/21.
4
What is the remainder when 66 is divided by (-2)/4*(-34)/1?
15
Suppose 0 = -0*t + 2*t - 4. Suppose 0 = -2*a - t*a + 68. Suppose -m = -4*w - 10, 4*m - 2*w = -0*m + 26. What is the remainder when a is divided by m?
5
Suppose -5*i = 15, 2*c - 33 = 2*i + i. Let w(n) = -4*n - 5. Calculate the remainder when w(-7) is divided by c.
11
Calculate the remainder when (-5 - -1) + (-234)/(-3) is divided by 15.
14
Suppose 47*n - 63 = 44*n. What is the remainder when 79 is divided by n?
16
Let s(i) = i**2 + 1. Let z(c) = -c**2 - 14*c + 15. Let o(p) = 2*s(p) + z(p). Calculate the remainder when o(14) is divided by 10.
7
Let v be (-8)/(-4) + 0 + -2. Suppose 4*r - 53 - 39 = v. Let x = -82 - -126. What is the remainder when x is divided by r?
21
Let c(g) = g**3 - 5*g**2 + g + 4. Suppose -2*p - 15 = -5*p. What is the remainder when c(5) is divided by p?
4
Suppose 0 = 2*c - k - 40, -3*k + 5 = c - 1. Suppose 3 = -2*q + 43. What is the remainder when c/(-12)*(-152)/6 is divided by q?
18
Let i(k) = 0*k + 2 + 4*k**2 - k - 4*k. Calculate the remainder when i(4) is divided by 16.
14
Suppose -3*s = 5*j - 0*s + 9, -5*j + s = -3. Suppose 2*h - 89 = 3*y, -4*y = -0*y + 20. Calculate the remainder when h is divided by (3 - j - -16) + 0.
18
Let w be -1 + (0 - -3) - 2. Let i be (1 + 1)*22/4. Suppose w = -5*d + 19 + i. What is the remainder when d is divided by 4?
2
Let u be (-4)/2 + -1 + -22. Let d = u + 41. Suppose n = d + 4. What is the remainder when n is divided by 11?
9
Let i be (-4)/(-8) - 2/4. Suppose i = -2*q - q + 51. Let a(j) = -j**3 - j**2 + j + 6. What is the remainder when q is divided by a(0)?
5
Let l(p) = p**2 - p - 1. Let j(h) = h - 12. Let d be j(0). Let n = 22 + d. Calculate the remainder when l(-4) is divided by n.
9
Let g(z) be the first derivative of 5*z**2/2 - 4*z + 2. What is the remainder when ((-12)/5)/((-6)/80) is divided by g(3)?
10
Let m = 20 + -16. Let q(v) = 3 + 2 + 1 - v. What is the remainder when q(-5) is divided by m?
3
Let y(k) = -1. Let v(l) = 31*l + 3. Let j(d) = v(d) + y(d). What is the remainder when j(1) is divided by 17?
16
What is the remainder when 105 is divided by (108/(-10))/((-54)/10 - -5)?
24
Let w(x) = 44*x + 12. What is the remainder when w(4) is divided by 49?
41
Suppose -5 = a, 0*a + 37 = 4*o - a. Calculate the remainder when 125 is divided by o.
5
What is the remainder when 2 - 4*(2 + -15) is divided by ((84/10)/(-3))/(6/(-30))?
12
Suppose -5*d + 23 = 3*f, f + 11 = d - 0*d. Let p = -4 + d. Calculate the remainder when p is divided by 2.
1
Let q(n) = -2*n + 14. Let l(o) = o - 1. Let c(p) = l(p) + q(p). Let d be c(6). Let u = 13 - d. Calculate the remainder when 11 is divided by u.
5
Let b(q) = -2*q**2 - 14*q + 11. Let l(u) = u**2 + u. What is the remainder when b(-6) is divided by l(3)?
11
Let h(n) = -2*n - 8. Let b(z) = 6*z - 3. What is the remainder when b(4) is divided by h(-8)?
5
Suppose -2*w + 5 = 17. Let q = -169 - -189. Let o = q + w. What is the remainder when 39 is divided by o?
11
Suppose p = 1 + 1. Suppose y + 4*g - 40 = -3*y, 2*g = y + p. Suppose -y = -3*h - 4*u + u, 0 = 4*h + 2*u - 12. What is the remainder when 11 is divided by h?
3
Suppose 0 = -25*b + 30*b - 180. What is the remainder when b is divided by 13?
10
Let d be (7/3)/(1/18). Let v = d + -24. Calculate the remainder when v is divided by 10.
8
Let t = -91 - -153. What is the remainder when t is divided by 13?
10
Suppose 0 = -4*a - 3*x + 313, a - 66 = 4*x + 36. Suppose -2*d + 9 = 14*p - 9*p, 43 = 4*d + 5*p. Calculate the remainder when a is divided by d.
14
Let v(x) = x**2 - 13*x + 26. Calculate the remainder when 14 is divided by v(11).
2
Suppose 2*j - 69 = -t - 4*t, 4*t = 4*j - 68. Let h be (-9 + -1)*(-2)/4. Suppose h*n - 90 = 120. What is the remainder when n is divided by j?
20
Suppose 3*k - 3*z = 135, 4*k + 2*z = z + 180. What is the remainder when k is divided by 24?
21
Calculate the remainder when 37 is divided by (-10 - 1)*(-25 - -24).
4
Let q(y) = 11*y**2 - 3*y. What is the remainder when 198 is divided by q(-2)?
48
Suppose 0 = 2*t - 4*f - 20, 4*f - 2*f = 0. Let z = 3 + 25. Calculate the remainder when z is divided by t.
8
Suppose 2*q = -q + 66. Calculate the remainder when q is divided by 6.
4
Suppose -3*k + c = -48, 3*k - c = 2*c + 42. Calculate the remainder when k is divided by 10.
7
Suppose 4*o - 18 = 2*o. Suppose -2*u = 10 - 58. What is the remainder when u is divided by o?
6
Suppose 0 = -f - 3*m - 7, -2*f + m + 3*m + 16 = 0. Suppose j + f*l = 39, 0*j = 3*j + 3*l - 111. What is the remainder when j is divided by (3 - 2)*(-9)/(-1)?
8
Let v(t) = t + 42. What is the remainder when 133 is divided by v(-8)?
31
Let x(d) = -d. Let g be x(-5). Suppose 5*f = 3*k + 8 - 3, g*k + 3*f - 3 = 0. Suppose 0*l + 2*l - 68 = k. Calculate the remainder when l is divided by 12.
10
Suppose 15 = 2*x - 21. What is the remainder when (-385)/(-14) + 10/(-4) is divided by 230/18 + 4/x?
12
Suppose -w - 19 = -4*g - 2*w, 4*w = g - 26. Suppose -2 = -k - g. Let t(c) = -c + 2. What is the remainder when 15 is divided by t(k)?
3
Suppose -10*i = 2*i - 324. What is the remainder when 187 is divided by i?
25
Let f = 179 + -74. Suppose 0 = r - m - 0*m - 28, 0 = -4*r - 2*m + 106. Calculate the remainder when f is divided by r.
24
Suppose 3 = h - 11. What is the remainder when 68 is divided by h?
12
Let n = -2 + 5. Suppose -3*f + 3*p = -6, 3*f - f - p = n. Let s(a) = -a + 3. What is the remainder when f is divided by s(2)?
0
Suppose j - 3*j + 988 = 0. Suppose 3*w + 4*b - j + 1738 = 0, -2*w + 5*b = 791. What is the remainder when 4/14 + w/(-42) is divided by 4?
2
Let a = 3 + -13. What is the remainder when 30 is divided by (-72)/(-15)*a/(-3)?
14
Suppose -2*o + 32 = 4*t, -5*t - 4*o = -0*o - 40. Suppose 0 = -t*f + 5*f + 30. Let l(q) = q**2 - q - 2. Calculate the remainder when l(5) is divided by f.
8
Let u(p) = -p**3 + 9*p**2 - 7*p + 9. Let z be (-1)/(1 + 10/(-8)). Suppose z*m - m = 147. Calculate the remainder when m is divided by u(8).
15
Let z(u) = u**2 - 3*u - 1. Let j be z(4). Suppose -20 = -2*n - 4*v, -4*n - j*v = -2*n - 18. Let x(i) = -i - 1. What is the remainder when n is divided by x(-5)?
2
Let m(f) = 2*f - 5. Let l be m(4). Suppose -2*c = l*c - 225. Calculate the remainder when c is divided by 23.
22
Suppose 5*a - f - 235 = 0, 4*a - 4*f - 188 = -0*a. Calculate the remainder when 184 is divided by a.
43
Suppose -5*z + 7 = 2. Suppose 0 = -j - 1, -2 = -4*s + 5*j - z. What is the remainder when 11 is divided by (s - (-3 - 1)) + 3?
5
Let u(j) be the second derivative of -j**5/20 - j**4/6 + j**3/2 + 2*j**2 + j. Let z be u(-3). Calculate the rema